ainder when 51 + (g - -1) - -3 is divided by o(0)?
11
Let h = 76 - 64. Calculate the remainder when h is divided by 2.
0
Suppose -4*m + 29 = -15. What is the remainder when 40 is divided by m?
7
Suppose 0*t = 5*t - 2*b - 75, -5*t - 5*b + 110 = 0. Suppose 0 = -3*s + 5 + 4. Suppose -4*o = -s*o - t. Calculate the remainder when o is divided by 9.
8
Let u be (-9)/(-4) - 1/4. Suppose 0*z + 30 = u*z. What is the remainder when 28 is divided by z?
13
Suppose 0 = -5*n + y + 2*y + 132, 2*n - 3*y - 60 = 0. What is the remainder when 46 is divided by n?
22
Suppose -63 = -5*b + 22. Calculate the remainder when 50 is divided by b.
16
Suppose -16*f = -770 - 542. Suppose -5*a = -2*o + 6*o - 89, -3*o - 33 = -a. Calculate the remainder when f is divided by a.
19
Let u = -7 + 9. Suppose -2*v + 6 = u. Let d(n) = 2*n**2 - 2*n - 2. Calculate the remainder when d(2) is divided by v.
0
Let w(b) = 2*b + 6 + b**3 - 5*b**2 - 7 - 7*b. What is the remainder when 7 is divided by w(6)?
2
Suppose 30 = -2*v + 4*x, -5*x - 75 = -v + 6*v. What is the remainder when 6/v - (-92)/5 is divided by (8/(-6))/(4/(-30))?
8
Let x be (81/2 + -1)*2. Suppose r = 2*r - x. Calculate the remainder when r is divided by 20.
19
Let l = 49 - 31. Suppose 0 = -5*y - 385 - 150. Let q = y + 160. Calculate the remainder when q is divided by l.
17
Let d = 56 + -43. What is the remainder when d is divided by 5?
3
Suppose o = 0, -5*d + 3*o = -o - 925. Let i = -131 + d. Suppose 2*j - i = -0*j. What is the remainder when j is divided by 10?
7
Let c(j) = -j**3 - 7*j**2 + 4. Let z be c(-7). Suppose -1 = z*a - 4*g - 5, -3*g = 0. What is the remainder when (14/(-4))/(a/(-2)) is divided by 2?
1
Let s = 8 + -23. Let a = 35 + s. Calculate the remainder when 79 is divided by a.
19
Suppose 5*t = -d + 5, -2*d = 2 + 8. Suppose -8 = -4*o - t*v, 4*o + 7*v = 4*v + 6. Calculate the remainder when 10 is divided by o.
1
Let y(z) = z**3 - 5*z**2 + z - 3. Let h be y(5). Suppose -c = h*c - 33. Calculate the remainder when 20 is divided by c.
9
Let z = -42 - -7. Let t = -22 - z. Let b = t - 5. Calculate the remainder when 14 is divided by b.
6
What is the remainder when (-246)/(-21) + 4/14 is divided by 5?
2
Let g be (-2)/(-1 - 5/(-6)). Let h = g + -3. Let c(k) = k**3 + 11*k**2 - k + 6. Calculate the remainder when c(-11) is divided by h.
8
Suppose -7*c = -12*c + 30. What is the remainder when 7 + (-5)/((-20)/12) is divided by c?
4
What is the remainder when 2 + 172 + 2 + (1 - 2) is divided by 45?
40
Let n(q) = 3*q**2 - 8*q - 5. Let j be 12/(-7)*14/(-4). Calculate the remainder when n(j) is divided by 19.
17
Let q(b) = -b + 4. Let c be q(0). Let w = c - -3. What is the remainder when 27 is divided by w?
6
Let i = 4 + 2. What is the remainder when 10 is divided by i?
4
Suppose -3*v + 15 = 0, 3*k + 0*v + 3*v - 264 = 0. What is the remainder when k is divided by 21?
20
Suppose -3*r = 2*n - 13, -5*n + 7 = -3. Let t = -13 + 23. Calculate the remainder when ((-14)/(-4))/(5/t) is divided by r.
1
Let f(y) = -2*y + 44. What is the remainder when f(-7) is divided by -1 - (0 - (22 + -1))?
18
Suppose 2*l = 100 + 120. Suppose -4*o = 3*x - l, -5*x - 6*o + o + 180 = 0. Calculate the remainder when x is divided by 9.
7
Suppose -2*o + 165 = n, 5*o - 2*n = n + 385. Calculate the remainder when o is divided by 17.
12
Let s(h) = 6*h**2 + h + 9. What is the remainder when s(3) is divided by 27?
12
Let y(z) = z**3 + 3*z**2 - 2*z - 4. Let s be y(-4). What is the remainder when 86/2 + 0/(-13) is divided by 4/s + (-134)/(-6)?
21
Let m = 17 - 11. Suppose -m*i - 22 = -7*i. Calculate the remainder when i is divided by 6.
4
Calculate the remainder when 8 is divided by 3/(-3 - 36/(-10)).
3
Suppose 63 = 6*t - 75. Calculate the remainder when 89 is divided by t.
20
Let h = 80 - 60. What is the remainder when 98 is divided by h?
18
Suppose -66 + 6 = -5*f. Let v = -1 + 3. Suppose -v*i - 68 = -4*i. Calculate the remainder when i is divided by f.
10
Let u be -2 + 11 + -2 + 1. Suppose 1 = m + 2*t, -2*m - 20 = -4*m + 5*t. Suppose 4*s + s - 15 = -m*c, -u = 4*c. Calculate the remainder when 14 is divided by s.
4
Let k = -5 + 9. Suppose -56 = 5*c - 10*c + 3*a, k*c - 58 = -2*a. Suppose 0 = -4*r + c + 7. Calculate the remainder when 13 is divided by r.
3
What is the remainder when (0 - -1 - 33)/(4/(-2)) is divided by 6?
4
Suppose 2*g = -5*m + 106, -66 = -g - 0*m + 4*m. Suppose -9*z = -17*z + 160. Calculate the remainder when g is divided by z.
18
Let w(i) = 3*i**2 + 4*i - 3. Let d(q) = -q**3 + 7*q**2 + 8*q + 9. What is the remainder when w(2) is divided by d(8)?
8
Let x(d) = -d + 10. Let r be (3/(-3))/((-1)/5). Suppose 0 = 3*v - r*j - 17, 4*v - 14 = 2*v + 2*j. What is the remainder when v is divided by x(5)?
4
Suppose 25*o - 645 = 205. Let a(x) = -4*x - 1. Calculate the remainder when o is divided by a(-2).
6
Calculate the remainder when ((-15)/(-10) - 1)*92 is divided by 16.
14
Suppose 0 = 4*f + 4*y - 20, y + 15 = 5*f - 4*y. What is the remainder when (150/f)/((-12)/(-24)) is divided by 26?
23
Let r(w) = -w**3 + 9*w**2 + w. Suppose 0*u + 4*u - 36 = 0. What is the remainder when r(u) is divided by 5?
4
Suppose 5*t = 4*t + 4*n - 6, 4*n = 4*t - 24. Calculate the remainder when (4 - 2) + 9*3 is divided by t.
9
Let s(i) = 3*i - 17. Suppose 5*k = 5 + 65. Let r = -8 + 17. What is the remainder when s(k) is divided by r?
7
Suppose -3*f = -4*f - 3*g + 52, 3*f - g = 206. What is the remainder when f is divided by 35?
32
Let l(c) = 9*c - 2. Calculate the remainder when 95 is divided by l(2).
15
Suppose 7*w = 4*w + 51. What is the remainder when 49 is divided by w?
15
Let o(m) = m**2 - 12*m - 24. What is the remainder when o(17) is divided by 16?
13
Let c be 1/((-2)/4) + -5. Let p(a) = -2*a - 6. Let v be p(c). Let m = 12 - v. What is the remainder when 10 is divided by m?
2
Suppose 2*k = 3*k - 26. What is the remainder when 101 is divided by k?
23
Let m(h) = -h - 7. Let q be m(-9). Suppose 0*k - 28 = -k + q*w, -3*k - 4*w + 54 = 0. Let p = 17 - 5. Calculate the remainder when k is divided by p.
10
Let s = 9 + -7. Suppose -s*n - 1 + 17 = 0. Calculate the remainder when 14 is divided by n.
6
Let y = -3 - -7. Let v(g) = g**2 + g + 4. Calculate the remainder when ((-138)/(-4))/(3/y) is divided by v(-4).
14
Let s(r) = 15*r**2 - r + 2. Let o(p) = 5*p**2 + 2*p - 7. What is the remainder when s(-2) is divided by o(2)?
13
Suppose -2*h + 7*h + 4*i = 647, 260 = 2*h + 2*i. What is the remainder when h is divided by 26?
23
Let j(v) = v - 5. Let q be 4 + (-2)/1 + -2. Let z be -7*(2/(-2) - q). Calculate the remainder when j(z) is divided by 2.
0
Let x(l) = l**3 - 9 + 3*l + 0*l**2 + 0*l - 11*l + 4*l**2. What is the remainder when 17 is divided by x(-5)?
5
Suppose -12*k + 59 + 181 = 0. What is the remainder when k is divided by 11?
9
Let l = 124 - 48. What is the remainder when l is divided by 11?
10
Suppose 28 = 4*p + 4*f, 5*p - f + 1 = 36. Let x = p - -1. Let h(k) = 2*k**2 - 10*k + 4. Calculate the remainder when h(x) is divided by 18.
16
Let j(m) = 3*m**2 + 2 - 2*m - 2*m - 2*m**3 + 8*m. What is the remainder when j(-3) is divided by 24?
23
Suppose 0*n = 2*n + 8. Let c(y) = y**3 + 4*y**2 - 3*y - 2. What is the remainder when 58 is divided by c(n)?
8
Let r be (-8)/1*(-9)/(-4). Let h = 27 + r. Suppose -3*k = -0 + h, 0 = -4*g - 5*k + 5. Calculate the remainder when g is divided by 3.
2
Let l(r) = 4*r - 4. What is the remainder when l(8) is divided by 3/(-2*4/(-40))?
13
Let v = 401 - 183. Suppose 7*t = -5*y + 4*t + v, -5*t = -5*y + 250. Calculate the remainder when y is divided by 16.
14
Let x = 15 - 3. Suppose -3*z - 4*p = -35, -4 - 1 = 3*z - 4*p. Suppose -y + z*y = 140. What is the remainder when y is divided by x?
11
Let d be (-10)/(-35) + 2/(-7). Suppose d*f - 168 = -4*f. Calculate the remainder when f is divided by 11.
9
Let s(c) = 8*c**3 + c**2 + c - 1. Let k be s(1). Suppose 2*f = 2*g + 40, f - k = 3*g + 19. Calculate the remainder when 30 is divided by f.
14
Let w = 27 - 9. Calculate the remainder when 35 is divided by w.
17
Suppose 5*h - 80 = l + 4*l, -22 = -h - 2*l. What is the remainder when 51 is divided by h?
15
Suppose -4*n - 3*l + 24 = 0, -3*n + 11 = -0*l + 4*l. Let q be -3*(3/n + 0). What is the remainder when 2 - -39 - (q - 1) is divided by 22?
21
Let z(a) = -22*a**3 + 4*a**2 + 